{"id":14,"date":"2018-11-02T08:33:52","date_gmt":"2018-11-02T08:33:52","guid":{"rendered":"https:\/\/www.dasax.de\/?page_id=14"},"modified":"2023-08-11T07:27:54","modified_gmt":"2023-08-11T07:27:54","slug":"leistungen","status":"publish","type":"page","link":"https:\/\/www.dasax.de\/?page_id=14","title":{"rendered":"Leistungen"},"content":{"rendered":"\n<div class=\"wp-block-image\"><figure class=\"aligncenter size-full is-resized\"><img loading=\"lazy\" src=\"https:\/\/www.dasax.de\/wp-content\/uploads\/2023\/01\/dasax_banner_klein-scaled.jpg\" alt=\"\" class=\"wp-image-123\" width=\"1280\" height=\"474\" srcset=\"https:\/\/www.dasax.de\/wp-content\/uploads\/2023\/01\/dasax_banner_klein-scaled.jpg 2560w, https:\/\/www.dasax.de\/wp-content\/uploads\/2023\/01\/dasax_banner_klein-300x111.jpg 300w, https:\/\/www.dasax.de\/wp-content\/uploads\/2023\/01\/dasax_banner_klein-1024x379.jpg 1024w, https:\/\/www.dasax.de\/wp-content\/uploads\/2023\/01\/dasax_banner_klein-768x285.jpg 768w, https:\/\/www.dasax.de\/wp-content\/uploads\/2023\/01\/dasax_banner_klein-1536x569.jpg 1536w, https:\/\/www.dasax.de\/wp-content\/uploads\/2023\/01\/dasax_banner_klein-2048x759.jpg 2048w\" sizes=\"(max-width: 1280px) 100vw, 1280px\" \/><\/figure><\/div>\n\n\n\n<h2 class=\"has-text-align-left\"><span style=\"color:#f68300\" class=\"has-inline-color\"><strong>Beratung zur DSGVO<\/strong><\/span><\/h2>\n\n\n\n<div class=\"wp-block-columns\">\n<div class=\"wp-block-column\" style=\"flex-basis:33.33%\">\n<figure class=\"wp-block-image size-large\"><img loading=\"lazy\" width=\"1024\" height=\"1024\" src=\"https:\/\/www.dasax.de\/wp-content\/uploads\/2023\/03\/Beratung-1024x1024.png\" alt=\"\" class=\"wp-image-265\" srcset=\"https:\/\/www.dasax.de\/wp-content\/uploads\/2023\/03\/Beratung-1024x1024.png 1024w, https:\/\/www.dasax.de\/wp-content\/uploads\/2023\/03\/Beratung-300x300.png 300w, https:\/\/www.dasax.de\/wp-content\/uploads\/2023\/03\/Beratung-150x150.png 150w, https:\/\/www.dasax.de\/wp-content\/uploads\/2023\/03\/Beratung-768x768.png 768w, https:\/\/www.dasax.de\/wp-content\/uploads\/2023\/03\/Beratung.png 1080w\" sizes=\"(max-width: 1024px) 100vw, 1024px\" \/><\/figure>\n<\/div>\n\n\n\n<div class=\"wp-block-column\" style=\"flex-basis:66.66%\">\n<p style=\"margin: 0in; font-family: Calibri; font-size: 14.0pt;\">Die Datenschutzgrundverordnung wirft bei Unternehmen regelm\u00e4\u00dfig Fragen auf. Damit Sie sich auf Ihr Kerngesch\u00e4ft konzentrieren k\u00f6nnen, stehen wir Ihnen Rede und Antwort zu allen Themen des Datenschutzes. Je nachdem welcher Bedarf in Ihrem Unternehmen besteht, beraten und betreuen wir Sie durch den Datenschutz-Dschungel. Dabei stehen wir Ihnen mit folgenden Leistungen zur Seite:<\/p>\n<ul style=\"margin: 0in; font-family: Calibri; font-size: 14.0pt;\">\n<li>Erstberatung zur DSGVO<\/li>\n<li>Pr\u00fcfung und Analyse des Unternehmens, der Prozesse und IT<\/li>\n<li>Erstellung von Dokumentationen, Verfahrensverzeichnissen und Folgeabsch\u00e4tzungen (je nach Anforderungen)<\/li>\n<li>Erstellung der technischen Ma\u00dfnahmen und Anforderungen an die IT-Struktur<\/li>\n<li>Unterst\u00fctzung und Schulung des internen Datenschutzbeauftragten oder zust\u00e4ndigen Mitarbeiters<\/li>\n<li>Stellung eines externen Datenschutzbeauftragten<\/li>\n<\/ul>\n<\/div>\n<\/div>\n\n\n\n<div class=\"wp-block-group\"><div class=\"wp-block-group__inner-container\"><\/div><\/div>\n\n\n\n<hr class=\"wp-block-separator\"\/>\n\n\n\n<h2 class=\"has-text-align-left\"><span style=\"color:#f68300\" class=\"has-inline-color\"><strong>Analyse des Unternehmens &amp; Optimierung von Prozessen<\/strong><\/span><\/h2>\n\n\n\n<div class=\"wp-block-columns\">\n<div class=\"wp-block-column\" style=\"flex-basis:66.66%\">\n<p style=\"margin: 0in; font-family: Calibri; font-size: 14.0pt;\">Der Datenschutz flie\u00dft in viele Bereiche Ihres Unternehmens ein. Daher ist es von Wichtigkeit, auch die internen Prozesse und Abl\u00e4ufe zu betrachten und analysieren. Nur so kann eine Optimierung derer stattfinden. Bei unseren Beratungen ist uns der Blick \u00fcber den Tellerrand besonders wichtig, denn wir k\u00f6nnen Sie nicht nur bei gesetzlichen Themen beraten, sondern zeigen Ihnen auch Verbesserungen in Bezug auf Effizienz, Sicherheit und Ergonomie auf. Wir betrachten besonders folgende Bereiche:\u00a0\n<ul style=\"margin: 0in; font-family: Calibri; font-size: 14.0pt;\">\n<li>Video\u00fcberwachung<\/li>\n<li>Regelungen zum Einsatz eines Datenschutzbeauftragten im Unternehmen<\/li>\n<li>Datenschutzfolgeabsch\u00e4tzung<\/li>\n<li>Schulung und Sensibilisierung<\/li>\n<li>Kommunikation mit der Aufsichtsbeh\u00f6rde<\/li>\n<li>u.v.m.<\/li>\n<\/ul>\n<\/div>\n\n\n\n<div class=\"wp-block-column\" style=\"flex-basis:33.33%\">\n<div class=\"wp-block-image\"><figure class=\"aligncenter size-large\"><img loading=\"lazy\" width=\"1024\" height=\"1024\" src=\"https:\/\/www.dasax.de\/wp-content\/uploads\/2023\/03\/Analyse-2-1024x1024.png\" alt=\"\" class=\"wp-image-266\" srcset=\"https:\/\/www.dasax.de\/wp-content\/uploads\/2023\/03\/Analyse-2-1024x1024.png 1024w, https:\/\/www.dasax.de\/wp-content\/uploads\/2023\/03\/Analyse-2-300x300.png 300w, https:\/\/www.dasax.de\/wp-content\/uploads\/2023\/03\/Analyse-2-150x150.png 150w, https:\/\/www.dasax.de\/wp-content\/uploads\/2023\/03\/Analyse-2-768x768.png 768w, https:\/\/www.dasax.de\/wp-content\/uploads\/2023\/03\/Analyse-2.png 1080w\" sizes=\"(max-width: 1024px) 100vw, 1024px\" \/><\/figure><\/div>\n<\/div>\n<\/div>\n\n\n\n<hr class=\"wp-block-separator\"\/>\n\n\n\n<h2 class=\"has-text-align-left\"><span style=\"color:#f68300\" class=\"has-inline-color\"><strong>Pr\u00fcfung und Erstellung von Formularen &amp; Texten<\/strong><\/span><\/h2>\n\n\n\n<div class=\"wp-block-columns\">\n<div class=\"wp-block-column\" style=\"flex-basis:33.33%\">\n<figure class=\"wp-block-image size-large\"><img loading=\"lazy\" width=\"1024\" height=\"1024\" src=\"https:\/\/www.dasax.de\/wp-content\/uploads\/2023\/03\/Formulare-1024x1024.png\" alt=\"\" class=\"wp-image-267\" srcset=\"https:\/\/www.dasax.de\/wp-content\/uploads\/2023\/03\/Formulare-1024x1024.png 1024w, https:\/\/www.dasax.de\/wp-content\/uploads\/2023\/03\/Formulare-300x300.png 300w, https:\/\/www.dasax.de\/wp-content\/uploads\/2023\/03\/Formulare-150x150.png 150w, https:\/\/www.dasax.de\/wp-content\/uploads\/2023\/03\/Formulare-768x768.png 768w, https:\/\/www.dasax.de\/wp-content\/uploads\/2023\/03\/Formulare.png 1080w\" sizes=\"(max-width: 1024px) 100vw, 1024px\" \/><\/figure>\n<\/div>\n\n\n\n<div class=\"wp-block-column\" style=\"flex-basis:66.66%\">\n<p style=\"margin: 0in; font-family: Calibri; font-size: 14.0pt;\">Innerhalb eines Unternehmens sind immer Formulare, Vertr\u00e4ge oder sonstige Dokumente und Texte notwendig. Je nach der erforderlichen Situation m\u00fcssen diese datenschutzrechtlich korrekt sein. Wir pr\u00fcfen diese Dokumente f\u00fcr Sie oder helfen Ihnen bei der Erstellung von neuen. Dabei legen wir besonderen Wert auf die korrekte Umsetzung. F\u00fcr folgende Dokumente k\u00f6nnen wir Sie beraten:&nbsp;<\/p>\n<ul style=\"margin: 0in; font-family: Calibri; font-size: 14.0pt;\">\n<li>Datenschutzinformationen f\u00fcr Bewerber und Kunden \/ Interessenten<\/li>\n<li>Datenschutzerkl\u00e4rung auf Websites<\/li>\n<li>Technische und Organisatorische Ma\u00dfnahmen<\/li>\n<li>Informationspflichten bei Auskunftsuchenden<\/li>\n<li>L\u00f6sch- und Aufbewahrungspflichten<\/li>\n<li>Verarbeitungsverzeichnis<\/li>\n<li>Auftragsverarbeitungsvertr\u00e4ge<\/li>\n<li>Patientendatenschutz<\/li>\n<li>u.v.m.<\/li>\n<\/ul>\n<\/div>\n<\/div>\n\n\n\n<hr class=\"wp-block-separator\"\/>\n\n\n\n<h2><span style=\"color:#f68300\" class=\"has-inline-color\"><strong>Schulungen <\/strong><\/span><\/h2>\n\n\n\n<p style=\"margin: 0in; font-family: Calibri; font-size: 14.0pt;\">Zus\u00e4tzlich zur Ihrer individuellen Beratung k\u00f6nnen Sie ebenfalls an unseren Schulungen zum Thema Datenschutz teilnehmen. Wir bieten Ihnen Veranstaltungen zu den Grundlagen des Datenschutzes, zum Besch\u00e4ftigtendatenschutz und zum Thema Betroffenenrechte und Informationspflichten als Unternehmer. Unter folgendem Link k\u00f6nnen Sie sich die Veranstaltungen in unserem Schulungskalender ansehen.<\/p><br>\n\n\n\n<div class=\"wp-block-buttons aligncenter\">\n<div class=\"wp-block-button\"><a class=\"wp-block-button__link\" href=\"https:\/\/www.prem-tec.de\/events\/categories\/datenschutz\/\">Zu den Schulungen<\/a><\/div>\n<\/div>\n\n\n\n<hr class=\"wp-block-separator\"\/>\n\n\n\n<h2 class=\"has-text-align-left\"><span style=\"color:#f68300\" class=\"has-inline-color\"><strong>Vermittlung eines juristischen Beraters<\/strong><\/span><\/h2>\n\n\n<p style=\"margin: 0in; font-family: Calibri; font-size: 14.0pt;\">Gerade beim Thema DSGVO gibt es immer wieder spezielle Themen, welche rechtlich sehr schwierig zu beantworten sind. Hier k\u00f6nnen wir auf einen juristischen Berater zur\u00fcck greifen, welcher Ihnen bei der Beantwortung solcher Fragen zur Seite steht.<\/p>\n\n\n<hr class=\"wp-block-separator\"\/>\n\n\n\n<div style=\"background: #f2f2f2; display: flex; flex-direction: column; align-items: center; padding: 20px; font-size: 1.4rem; padding-top: 40px;\">\n            Kontaktieren Sie uns jetzt f\u00fcr eine Beratung!\n <html>\n  <head>\n    <title>Der Titel des Dokuments<\/title>\n    <style>\n      .button {\n    color: #fff;\n    background-color: #32373c;\n    border: none;\n    border-radius: 28px;\n    box-shadow: none;\n    cursor: pointer;\n    display: inline-block;\n    font-size: 18px;\n    padding: 12px 24px;\n    text-align: center;\n    text-decoration: none;\n    overflow-wrap: break-word;margin-top: 30px;\n    font-family: open sans;\n      }\n    <\/style>\n  <\/head>\n  <body>\n    <a href=\"https:\/\/outlook.office365.com\/owa\/calendar\/TerminmitMadlen@prem-tec.de\/bookings\/\" class=\"button\">Beratung online buchen<\/a>\n  <\/body>\n<\/html>\n          <div style=\"display: flex; justify-content: space-between; margin: 50px 30px 30px 30px;\">\n            <div style=\"padding-right: 120px;line-height: 0.9; border-right: 3px solid #f68300;\">\n                <p>dasax GmbH<\/p>\n                <p>Zwickauer Stra\u00dfe 16b<\/p>\n                <p>09112 Chemnitz<\/p>\n                <p>0371-8365 22 45<\/p>\n                <p>info@dasax.de<\/p>\n            <\/div>\n              <div style=\"display: flex; flex-direction: column; align-items: center; margin-left: 120px;\">\n                  <img src=\"https:\/\/premiumtechnologies.sharepoint.com\/Freigegebene%20Dokumente\/4000.%20Marketing\/4500.%20Fotos%20+%20Videos\/4510.%20Unternehmen%20+%20Mitarbeiter\/Fotoshooting%2009112021\/211109_jf_119.jpg\" style=\"width:300px; height: auto;\">\n                  <p>Madlen Vogt<\/p>\n              <\/div>\n          <\/div>\n        <\/div>\n","protected":false},"excerpt":{"rendered":"<p>Beratung zur DSGVO Die Datenschutzgrundverordnung wirft bei Unternehmen regelm\u00e4\u00dfig Fragen auf. Damit Sie sich auf Ihr Kerngesch\u00e4ft konzentrieren k\u00f6nnen, stehen wir Ihnen Rede und Antwort zu allen Themen des Datenschutzes. Je nachdem welcher Bedarf in Ihrem Unternehmen besteht, beraten und betreuen wir Sie durch den Datenschutz-Dschungel. Dabei stehen wir Ihnen mit folgenden Leistungen zur Seite: Erstberatung zur DSGVO Pr\u00fcfung und Analyse des Unternehmens, der Prozesse und IT Erstellung von Dokumentationen, Verfahrensverzeichnissen und Folgeabsch\u00e4tzungen (je nach Anforderungen) Erstellung der technischen Ma\u00dfnahmen und Anforderungen an die IT-Struktur Unterst\u00fctzung und Schulung des internen Datenschutzbeauftragten oder zust\u00e4ndigen Mitarbeiters Stellung eines externen Datenschutzbeauftragten Analyse des Unternehmens &amp; Optimierung von Prozessen Der Datenschutz flie\u00dft in viele Bereiche Ihres Unternehmens ein. Daher ist es von Wichtigkeit, auch die internen Prozesse und Abl\u00e4ufe zu betrachten und analysieren. Nur so kann eine Optimierung derer stattfinden. Bei unseren Beratungen ist uns der Blick \u00fcber den Tellerrand besonders wichtig, denn wir k\u00f6nnen Sie nicht nur bei gesetzlichen Themen beraten, sondern zeigen Ihnen auch Verbesserungen in Bezug auf Effizienz, Sicherheit und Ergonomie auf. Wir betrachten besonders folgende Bereiche:\u00a0 Video\u00fcberwachung Regelungen zum Einsatz eines Datenschutzbeauftragten im Unternehmen Datenschutzfolgeabsch\u00e4tzung Schulung und Sensibilisierung Kommunikation mit der Aufsichtsbeh\u00f6rde u.v.m. Pr\u00fcfung und Erstellung von Formularen &amp; Texten [&hellip;]<\/p>\n","protected":false},"author":1,"featured_media":0,"parent":0,"menu_order":0,"comment_status":"closed","ping_status":"closed","template":"","meta":[],"_links":{"self":[{"href":"https:\/\/www.dasax.de\/index.php?rest_route=\/wp\/v2\/pages\/14"}],"collection":[{"href":"https:\/\/www.dasax.de\/index.php?rest_route=\/wp\/v2\/pages"}],"about":[{"href":"https:\/\/www.dasax.de\/index.php?rest_route=\/wp\/v2\/types\/page"}],"author":[{"embeddable":true,"href":"https:\/\/www.dasax.de\/index.php?rest_route=\/wp\/v2\/users\/1"}],"replies":[{"embeddable":true,"href":"https:\/\/www.dasax.de\/index.php?rest_route=%2Fwp%2Fv2%2Fcomments&post=14"}],"version-history":[{"count":45,"href":"https:\/\/www.dasax.de\/index.php?rest_route=\/wp\/v2\/pages\/14\/revisions"}],"predecessor-version":[{"id":289,"href":"https:\/\/www.dasax.de\/index.php?rest_route=\/wp\/v2\/pages\/14\/revisions\/289"}],"wp:attachment":[{"href":"https:\/\/www.dasax.de\/index.php?rest_route=%2Fwp%2Fv2%2Fmedia&parent=14"}],"curies":[{"name":"wp","href":"https:\/\/api.w.org\/{rel}","templated":true}]}}